t is the ten millions digit of 420717327?
2
What is the hundred millions digit of 1745668623?
7
What is the units digit of 75966602?
2
What is the millions digit of 4044542520?
4
What is the units digit of 151430481?
1
What is the tens digit of 389879043?
4
What is the ten millions digit of 6401138192?
0
What is the units digit of 46707078?
8
What is the ten thousands digit of 1019693659?
9
What is the ten millions digit of 338275362?
3
What is the units digit of 26323464?
4
What is the millions digit of 253903778?
3
What is the units digit of 55974831?
1
What is the thousands digit of 15864238?
4
What is the hundreds digit of 52180153?
1
What is the tens digit of 37309378?
7
What is the tens digit of 57778060?
6
What is the units digit of 316231132?
2
What is the tens digit of 786947015?
1
What is the tens digit of 255745681?
8
What is the hundred millions digit of 137332050?
1
What is the ten thousands digit of 2706575?
0
What is the billions digit of 1370883080?
1
What is the hundreds digit of 553801191?
1
What is the ten thousands digit of 1125456702?
5
What is the hundred millions digit of 690818151?
6
What is the ten millions digit of 1723968842?
2
What is the units digit of 57338166?
6
What is the ten thousands digit of 79548132?
4
What is the thousands digit of 33833577?
3
What is the ten thousands digit of 63766596?
6
What is the hundred thousands digit of 3290835053?
8
What is the hundreds digit of 499667475?
4
What is the ten thousands digit of 112472228?
7
What is the millions digit of 492673795?
2
What is the ten millions digit of 175661289?
7
What is the tens digit of 2096982522?
2
What is the ten millions digit of 2631913616?
3
What is the thousands digit of 1562773179?
3
What is the units digit of 26595617?
7
What is the units digit of 39117631?
1
What is the ten millions digit of 103674031?
0
What is the tens digit of 276681365?
6
What is the ten millions digit of 36066448?
3
What is the hundred millions digit of 145337816?
1
What is the millions digit of 45941389?
5
What is the hundred thousands digit of 79413005?
4
What is the millions digit of 4192665?
4
What is the ten millions digit of 100386418?
0
What is the ten thousands digit of 209269945?
6
What is the millions digit of 180863600?
0
What is the hundred thousands digit of 249151385?
1
What is the thousands digit of 16548787?
8
What is the tens digit of 11625448?
4
What is the ten thousands digit of 148066790?
6
What is the ten thousands digit of 3688227021?
2
What is the hundred thousands digit of 294570432?
5
What is the ten thousands digit of 35896141?
9
What is the ten thousands digit of 78542546?
4
What is the units digit of 680261757?
7
What is the hundreds digit of 58565679?
6
What is the hundred thousands digit of 4020787500?
7
What is the tens digit of 307241807?
0
What is the hundreds digit of 1884515763?
7
What is the tens digit of 1277107496?
9
What is the tens digit of 45721378?
7
What is the ten thousands digit of 221975388?
7
What is the ten thousands digit of 452268625?
6
What is the hundred millions digit of 197167939?
1
What is the millions digit of 71499025?
1
What is the units digit of 2131934663?
3
What is the hundreds digit of 982288143?
1
What is the hundred thousands digit of 35063928?
0
What is the thousands digit of 3976511331?
1
What is the ten thousands digit of 429666430?
6
What is the billions digit of 1491986325?
1
What is the ten thousands digit of 3122797285?
9
What is the tens digit of 160189695?
9
What is the tens digit of 1765739407?
0
What is the millions digit of 1707637956?
7
What is the hundred thousands digit of 116244312?
2
What is the units digit of 286807768?
8
What is the thousands digit of 1875750?
5
What is the ten thousands digit of 37623513?
2
What is the hundred millions digit of 616854145?
6
What is the ten millions digit of 83351840?
8
What is the billions digit of 2968864567?
2
What is the tens digit of 779547324?
2
What is the hundreds digit of 177448907?
9
What is the hundreds digit of 263061391?
3
What is the ten thousands digit of 137560221?
6
What is the hundreds digit of 131200326?
3
What is the thousands digit of 42726137?
6
What is the millions digit of 467983177?
7
What is the hundred thousands digit of 509735832?
7
What is the hundred thousands digit of 1133157265?
1
What is the ten millions digit of 114816972?
1
What is the tens digit of 283853075?
7
What is the hundred thousands digit of 1463561350?
5
What is the ten millions digit of 266492778?
6
What is the millions digit of 1184853620?
4
What is the millions digit of 73888666?
3
What is the millions digit of 38809943?
8
What is the tens digit of 52689340?
4
What is the ten thousands digit of 206835014?
3
What is the ten thousands digit of 99409024?
0
What is the ten thousands digit of 728532171?
3
What is the tens digit of 4627368575?
7
What is the millions digit of 1073014598?
3
What is the thousands digit of 62139932?
9
What is the thousands digit of 2232979504?
9
What is the ten thousands digit of 46945001?
4
What is the hundred millions digit of 1322603680?
3
What is the hundreds digit of 571927646?
6
What is the ten thousands digit of 825021354?
2
What is the units digit of 8245389305?
5
What is the hundred millions digit of 441806658?
4
What is the hundreds digit of 135119156?
1
What is the thousands digit of 42068718?
8
What is the millions digit of 3316633643?
6
What is the ten millions digit of 218667301?
1
What is the hundred millions digit of 731770737?
7
What is the hundreds digit of 211642262?
2
What is the tens digit of 143327934?
3
What is the ten thousands digit of 78624498?
2
What is the hundreds digit of 154760269?
2
What is the millions digit of 760931948?
0
What is the millions digit of 81558957?
1
What is the tens digit of 120412805?
0
What is the ten thousands digit of 442175175?
7
What is the ten millions digit of 212364768?
1
What is the tens digit of 252670650?
5
What is the millions digit of 1447967228?
7
What is the hundreds digit of 1778540099?
0
What is the hundred thousands digit of 179504862?
5
What is the thousands digit of 504540099?
0
What is the ten thousands digit of 485273442?
7
What is the millions digit of 32986687?
2
What is the tens digit of 85614275?
7
What is the tens digit of 223316483?
8
What is the hundred thousands digit of 3557484146?
4
What is the tens digit of 33291705?
0
What is the ten thousands digit of 679596580?
9
What is the ten thousands digit of 90272536?
7
What is the thousands digit of 592723784?
3
What is the units digit of 1664672215?
5
What is the millions digit of 173505388?
3
What is the millions digit of 544095850?
4
What is the ten thousands digit of 131338439?
3
What is the ten thousands digit of 360091904?
9
What is the millions digit of 7172984?
7
What is the millions digit of 10680014?
0
What is the units digit of 4400515?
5
What is the thousands digit of 1270125255?
5
What is the millions digit of 1317279775?
7
What is the millions digit of 414288312?
4
What is the units digit of 174296262?
2
What is the ten thousands digit of 1572920938?
2
What is the units digit of 1679340087?
7
What is the ten thousands digit of 263418391?
1
What is the hundred millions digit of 131547548?
1
What is the units digit of 109761164?
4
What is the tens digit of 272387219?
1
What is the ten millions digit of 34049107?
3
What is the ten thousands digit of 771128468?
2
What is the tens digit of 165218983?
8
What is the ten millions digit of 631791646?
3
What is the units digit of 1083056108?
8
What is the thousands digit of 173080571?
0
What is the ten thousands digit of 998450183?
5
What is the units digit of 3477668112?
2
What is the hundred thousands digit of 2161347402?
3
What is the thousands digit of 284195794?
5
What is the hundred thousands digit of 4938631901?
6
What is the millions digit of 16036521?
6
What is the millions digit of 81669864?
1
What is the thousands digit of 484808961?
8
What is the tens digit of 1173249109?
0
What is the ten millions digit of 5581489123?
8
What is the hundreds digit of 1606637863?
8
What is the tens digit of 23219849?
4
What is the ten millions digit of 96090494?
9
What is the ten millions digit of 56157961?
5
What is the millions digit of 282678095?
2
Wh